) + -34. Is 11/h - (-874)/3 a prime number?
False
Suppose g = 3*g + 378. Let z = 328 + g. Is z prime?
True
Suppose -4*p = 20 - 8, 5*p - 343 = -2*r. Is r prime?
True
Let g(c) = -5268*c**3 + 2*c**2 + 3*c + 2. Is g(-1) a composite number?
True
Let p = 137 + -60. Is p prime?
False
Let v = 2 + 2. Suppose -10 = -v*k - 2. Suppose k*a - 93 - 25 = 0. Is a prime?
True
Suppose -4*a = -5*i + 7, 0 = -5*a + 3*i + 2*i - 10. Let b be 2 + a - (-1)/(-1). Is 1/b - (-99)/2 prime?
False
Let d = -780 + 1247. Is d a prime number?
True
Let q(n) = 1 - 88*n**3 - 1 - n + 0*n**2 - 1 + n**2. Is q(-1) a composite number?
False
Is (-369)/(-2) - 2/(-4) prime?
False
Let u(w) = 3 - 3 - 2 + w**2 + w**3. Let l be u(-2). Let m = l - -19. Is m a composite number?
False
Let s be (3 - -1) + (4 - 3). Suppose 4*t = s*t - 33. Is (t - -1)*(-10)/(-4) a composite number?
True
Let h(v) be the first derivative of v**4/4 - 10*v**3/3 + 6*v**2 - 4*v + 1. Suppose 3*t = -q + 3*q - 21, -t + 35 = 4*q. Is h(q) a prime number?
True
Suppose -5*c = 4*u - 0*u - 835, 0 = -3*c + u + 484. Suppose 2 + c = 3*l. Is l a composite number?
True
Let m(w) = -w - 5. Let p be m(-7). Let l(q) = -6*q + 2. Let t be l(p). Let d(c) = c**2 + 8*c + 11. Is d(t) composite?
False
Let k(w) be the first derivative of 9*w**4 + w**2/2 + 1. Let g be ((-6)/(-3))/((-2)/(-1)). Is k(g) a prime number?
True
Let y(w) = 6*w**2 - 1. Let p be y(1). Suppose p*h = -k + 70, k + 30 = 3*h + 4*k. Is h composite?
True
Let x = 1 - 1. Suppose x = 4*c + 4, -3*c = -r + 2*c + 154. Is r prime?
True
Let i(l) = l - 7. Let g be i(5). Let s = g + 7. Suppose 3*k + 12 = s*m, -3*k - 2 + 5 = 0. Is m a prime number?
True
Let n be 2/9 - 632/9. Let l = n + 137. Is l a prime number?
True
Suppose 113 = 5*h - 4*h. Let i be 3532/18 - 4/18. Let j = i - h. Is j a prime number?
True
Let q = 58 - 18. Let o(k) = k**3 + 6*k**2 - 3*k + 1. Let f be o(-6). Let s = q - f. Is s a prime number?
False
Suppose -4*h = -2*h - 978. Is h composite?
True
Suppose -5*v - 4 = x, v - 9 - 3 = 3*x. Let d = -3 + v. Is ((-38)/4)/(d/6) prime?
True
Let l(t) = -97*t + 19. Is l(-4) composite?
True
Let k = 21 - 19. Is k prime?
True
Suppose 1 = -l - 1. Let h(k) = -93*k + 1. Is h(l) prime?
False
Suppose 4*v = -5*m - 1, -4 = -4*v - m - 1. Let f(y) = 398*y**2 - 2*y + 1. Is f(v) prime?
True
Is 2/(-2 + 3) - -356 composite?
True
Let t(j) = -6370*j + 2. Let m be t(1). Is (-2)/(-6) - m/48 prime?
False
Let j(b) = -656*b - 3. Is j(-8) a composite number?
True
Suppose b = -3 - 5. Let r = 11 + b. Suppose t - 196 = -r*t. Is t a prime number?
False
Is ((-1406)/(-6))/(2/6) a composite number?
True
Suppose d + 10 = 3*l + 41, 4*d + 4*l = 140. Suppose -p = 11 - d. Is p a composite number?
False
Let z(q) = 6*q - 1. Let g = 24 - 10. Is z(g) a prime number?
True
Let d be -2 - (1 + -4*2). Let q = 64 - d. Is q a prime number?
True
Let p(r) = -240*r + 5. Let k(y) = y - 1. Let o(x) = -6*k(x) - p(x). Is o(2) composite?
True
Let k(w) = -2*w**3 - 5*w**3 + 2 + 2*w**3 + 2*w + 4*w**3 + w**2. Is k(-2) prime?
False
Let m(u) = 20*u**3 - 3*u**2 + u + 5. Is m(3) prime?
True
Is 238/2 + (-11 - -7) a prime number?
False
Is 12935/52 - (-2)/8 composite?
True
Suppose q + q - 10 = 2*o, -3*o + 5*q - 9 = 0. Let g be (o/(-3))/((-3)/9). Let c = 26 - g. Is c a composite number?
True
Suppose -5*w - 3*q + 1708 + 546 = 0, -w - 4*q + 461 = 0. Is w a composite number?
False
Is (-31)/4*(-209 - 3) prime?
False
Is 3 - 3*436/(-6) prime?
False
Let j = -7 + 13. Let q(c) = 14*c - 7. Is q(j) composite?
True
Let g = -17 + 31. Suppose l + l - g = 0. Is l prime?
True
Suppose 6*u + 635 = 113. Suppose -4*h - h = -2*f - 102, -4*h - 176 = 3*f. Let n = f - u. Is n a composite number?
False
Let b = 398 + 117. Is b a prime number?
False
Let a(c) = c**3 - 6*c**2 + 6. Let n be a(6). Let w be (-9)/n*1*8. Is (-153)/(-12) - 3/w composite?
False
Let u = -139 + 79. Let a = -39 - u. Is a a composite number?
True
Let r be (-2)/7 - 51/(-7). Let n(o) = 6*o**2 - 9. Let p be n(r). Let f = p - 202. Is f prime?
True
Let r(t) = 5*t - 13. Suppose -5*l + 5*u = -10 - 20, -2*u = l + 3. Let z(h) = -4*h + 13. Let i(q) = l*z(q) + 2*r(q). Is i(-10) a prime number?
False
Let r(d) = 4*d**2 + 8*d - 3. Let o(t) = 3*t**2 + 8*t - 4. Let i(m) = -3*o(m) + 2*r(m). Is i(-5) a composite number?
True
Suppose 0*o - 2*o = 2. Let f be (o - -5)/(-2) - -3. Is f/4 + (-982)/(-8) prime?
False
Let s = 3 - -2. Let z be s*((-36)/15 + 2). Let p(x) = 2*x**2 + 3*x + 1. Is p(z) prime?
True
Suppose 7 = -n + 2*d, -4*n + 18 = 2*d - 4. Suppose n*w = -4*c + 43, -5*w + 39 = 4*c - 2*c. Is c prime?
True
Let g(l) = l**3 + 7*l**2 - l - 5. Let j be g(-6). Suppose 0*z = 4*z - w - 11, 3*z = -5*w + j. Is (-94)/z*(2 - 4) composite?
False
Suppose -3*s = -3*p + 1023, -3*p + 1019 = -0*p - s. Suppose 0 = -g + 2*g - p. Suppose 0 = 4*o - o - g. Is o a composite number?
False
Suppose -2*s - 3 = -11. Suppose s + 21 = o. Suppose 0*w - w + o = 0. Is w a composite number?
True
Let r(f) = -8*f**3 - 3*f**2 - 16*f + 40. Is r(-9) composite?
True
Is 78/5 + 3/(-5) a prime number?
False
Let t(k) = -18*k**3 + 3*k**2 - 3*k + 2. Let i be t(2). Let n = -78 - i. Is n composite?
True
Let h = 405 + 71. Let v = -330 + h. Suppose -2*m + m = d - 34, -v = -5*m + 3*d. Is m prime?
True
Is 0 - 1 - (0 + -107) composite?
True
Suppose 2*r = s - 0*s + 187, 4*r = -5*s + 339. Is r a prime number?
False
Let d = 4514 - 2971. Is d a composite number?
False
Let m be (-4)/(-8) - (-17)/2. Suppose -6 = 3*b + m. Is (-72)/(-10) + 1/b prime?
True
Let c = 7066 + -2423. Is c prime?
True
Let x(s) = -66*s + 5. Is x(-5) a composite number?
True
Is (-1)/3 - 13*116/(-6) a prime number?
True
Suppose 0 = 3*i + 2*i, -9 = -3*p - i. Let u be -3*(-5)/p*-1. Let r(c) = -4*c - 7. Is r(u) a prime number?
True
Let a(u) = u**3 + 331. Is a(0) a prime number?
True
Let t(o) = 11*o**2 - 4*o + 12. Is t(-5) prime?
True
Let y(x) = -x**3 + 2*x**2 - x - 3. Is y(-5) a prime number?
False
Let v be ((-8)/24)/((-1)/18). Let a(g) = g**3 + 6*g**2 - 8*g - 5. Is a(v) a composite number?
False
Is (-3)/1 + 2*192 a composite number?
True
Suppose 0 = 4*r - 4*m + 12, r + 0*m + 12 = 4*m. Suppose -4*j = -r*j - 220. Is j a prime number?
False
Let d = -4 + 8. Is 17 - 6/8*d a composite number?
True
Suppose -s + 294 = 3*l - 439, s - 749 = l. Is s composite?
True
Let m be (3 - 2)/(3/6). Suppose -2*f - 2*f + s = 38, -m*f - 26 = 3*s. Let y = f - -23. Is y a prime number?
True
Suppose -5*m + 10 = 4*a, -m + 2 + 0 = -5*a. Suppose 4*t = 2*g + 942, 0*t - 3*t + 707 = -m*g. Is t prime?
False
Let a(q) = -q**3 - 2*q**2 + 8*q - 10. Is a(-7) composite?
False
Let k be 4/(-18) + 22/18. Suppose 5*u + k = 31. Suppose 4*b - 82 = -u. Is b a composite number?
False
Let i(x) = -136*x. Let t be i(-1). Let k = t - 81. Is k a composite number?
True
Let t be 1*(0 + -1)*-2. Suppose 2*b + 4 = -t*b. Is (4 - 421)*b/3 a prime number?
True
Let f = -57 - -170. Is f composite?
False
Let g = -976 - -1461. Suppose 11*q - g = 6*q. Is q composite?
False
Suppose v = 4*v - 9. Let k(b) = b**3 - 3*b**2 + 3*b + 2. Let p be k(5). Suppose v*g - 39 = -x, -3*g - p = -8*g - x. Is g a composite number?
True
Suppose -5*g + 12 - 32 = 0. Let q(l) = l**2 + 3*l + 3. Is q(g) a prime number?
True
Is 1*(13 + -14)/((-2)/718) a prime number?
True
Let s = -1526 - -2413. Is s a prime number?
True
Let i(v) = 5*v**2 + 4*v - 6. Let n(m) = m**3 - 4*m**2 - m - 3. Let x be n(4). Is i(x) prime?
True
Suppose 3*u = -5*q + 15, 3*u = -5*q + q + 15. Suppose q = -3*t + t. Suppose t*w - 159 = -3*w. Is w a prime number?
True
Let b(f) = -f + 1. Let t be b(3). Is ((t - 1) + 4)*31 prime?
True
Let q(x) be the second derivative of x**4/6 + x**2/2 - 4*x. Is q(-8) composite?
True
Suppose 0 = -4*h - 2*z + 20, h - 5*z - 7 + 24 = 0. Is h prime?
True
Let x(n) = 30*n**2 + 2*n + 7. Is x(-3) composite?
False
Is 265/(-10)*-1*2 a prime number?
True
Let v be ((-27)/(-3))/((-6)/(-52)). Suppose -3*o - y = -v, -o + 2*o - 4*y - 26 = 0. Is (-1)/(-1*2/o) a prime number?
True
Is (-2)/12 + (279055/42)/7 a prime number?
False
Suppose -d + 3 = 5*q, -3*q - q = -5*d + 73. Suppose 15*g = d*g + 14. Is g prime?
True
Let n = -438 - -1461. Suppose 0 = 4*c - 5*c - 610. Let k = c + n. Is k composite?
True
Suppose -2*h = 4 - 216. Is h composite?
True
Let c = -7 - -2. Let t(u) = u**2 - 4*u + 2. Is t(c) composite?
False
Let m = 755 +